 + 1422. What is f(-5)?
217
Let m(t) = 4*t**3 - 22*t**2 - 31*t + 10. Give m(7).
87
Let z(t) = -1017*t - 46687. Give z(-46).
95
Let u(r) = -r**3 + 97*r**2 - 788*r - 15. Determine u(9).
21
Let f(w) = -4*w**3 + 813*w + 1617. What is f(-2)?
23
Let g(d) = -d**3 - 999*d**2 + 21401*d + 406. Determine g(21).
7
Let h(z) = -z**3 + 5392*z**2 + 37773*z - 13. Calculate h(-7).
127
Let s(u) = -u**2 - 13*u + 567. Determine s(-24).
303
Let o(a) = 5*a**2 - 1452*a + 88153. Determine o(204).
25
Let k(g) = -g**2 + 612*g - 77990. What is k(181)?
21
Let t(s) = 8*s**2 - 6022*s - 7531. Give t(754).
9
Let o(w) = 3*w**2 + 67*w - 609. Determine o(12).
627
Let o(j) = -1110*j - 222948. Calculate o(-201).
162
Let l(m) = 8*m**2 + 579*m + 5991. Determine l(-11).
590
Let j(n) = 41*n**2 + 3946*n - 358135. Calculate j(57).
-4
Let s(h) = -37*h**2 + 368*h - 794. Calculate s(4).
86
Let j(i) = 5*i**3 - 88*i**2 - 248*i + 144. Determine j(20).
-16
Let u(a) = a**2 + 3949*a - 606354. Give u(148).
2
Let n(i) = -1133*i - 1138. Determine n(-1).
-5
Let n(s) = 36*s**3 - s**2 - 88*s - 173. Determine n(-2).
-289
Let o(r) = r**3 + 52*r**2 + 51*r + 512. Give o(-51).
512
Let i(v) = -5092*v + 127278. What is i(25)?
-22
Let n(i) = i**2 - 302*i + 10417. Give n(262).
-63
Let k(a) = -347*a**2 - 19508*a - 4250. Determine k(-56).
6
Let h(f) = -f**3 - 82*f**2 + 350*f - 7416. Calculate h(-87).
-21
Let i(m) = 11*m**3 - 444*m**2 + 2866*m - 19. Give i(8).
125
Let x(y) = 2490*y - 17450. Calculate x(7).
-20
Let t(y) = -3962*y - 186218. What is t(-47)?
-4
Let d(h) = -2158*h + 310. Calculate d(1).
-1848
Let y(l) = -4*l**2 - 338*l + 21722. What is y(-127)?
132
Let a(x) = 2025*x - 21789. Give a(12).
2511
Let m(r) = 433*r + 33226. What is m(-77)?
-115
Let d(l) = 919259*l + 5515558. Give d(-6).
4
Let h(b) = -1537*b - 67670. What is h(-44)?
-42
Let z(j) = -4*j**2 - 736*j - 28159. What is z(-54)?
-79
Let b(x) = -2*x**3 + 865*x**2 - 644*x + 92407. Calculate b(432).
823
Let w(x) = 921*x - 199805. Calculate w(217).
52
Let c(g) = -5*g**2 + 221*g + 5633. Calculate c(-18).
35
Let k(x) = -x**3 - 5*x**2 - 90*x - 608. Give k(-8).
304
Let p(d) = -206536*d + 413097. What is p(2)?
25
Let m(q) = 27*q**2 - 1026*q - 38. Give m(39).
1015
Let v(a) = 3*a**3 - 271*a**2 + 3551*a + 5545. Calculate v(74).
-5
Let t(o) = -o**2 + 4001*o + 36263. What is t(-9)?
173
Let t(x) = x**3 - 287*x**2 - 296*x + 2320. What is t(288)?
16
Let i(s) = s**3 + 82*s**2 + 1563*s - 474. What is i(-31)?
84
Let z(o) = 194*o**2 + 2715*o + 2715. Calculate z(-1).
194
Let j(r) = -45408*r + 90825. Give j(2).
9
Let p(b) = -1162*b**2 + 19740*b + 241. Determine p(17).
3
Let k(w) = 32*w**2 + 394*w + 5334. Calculate k(-13).
5620
Let n(k) = 13076*k - 627608. Determine n(48).
40
Let f(w) = 5*w**3 + 174*w**2 + 26*w + 435. Give f(-35).
-1700
Let v(f) = -275*f - 45114. Calculate v(-164).
-14
Let u(c) = -2340*c + 215284. Give u(92).
4
Let s(z) = 559*z**2 + 7271*z + 57. Determine s(-13).
5
Let a(i) = i**2 - 5801*i - 9399721. Determine a(-1320).
-1
Let c(q) = 242480*q + 1212379. Calculate c(-5).
-21
Let w(c) = -3*c**2 - 5058*c - 30337. Determine w(-6).
-97
Let t(u) = -2340*u + 28154. What is t(12)?
74
Let z(b) = -8*b**2 + 4482*b - 40779. Give z(551).
-5
Let d(v) = -3775*v - 1011695. Calculate d(-268).
5
Let l(i) = 3*i**3 - 159*i**2 + 139*i + 804. Determine l(52).
-80
Let n(w) = -281*w**2 - 549*w + 1103. Calculate n(2).
-1119
Let l(w) = -17476*w + 122310. Determine l(7).
-22
Let p(u) = -11825*u**2 - 47282*u - 3. Give p(-4).
-75
Let x(o) = -o**2 + 132*o + 11. What is x(0)?
11
Let s(n) = 26*n**3 + 4083*n**2 + 133*n - 3713. What is s(-157)?
55
Let p(z) = -12997*z + 155949. Give p(12).
-15
Let i(q) = -10391*q - 259773. What is i(-25)?
2
Let g(z) = -851*z**2 - 160063*z - 14098. What is g(-188)?
2
Let a(m) = 15*m**2 - 23*m + 99. Give a(5).
359
Let m(c) = -4*c**3 - 65*c**2 - 422*c - 5316. Determine m(-15).
-111
Let g(j) = j**2 - 1191*j - 3592. Give g(-3).
-10
Let w(t) = -2*t**2 - 238*t + 755. What is w(-122)?
23
Let c(f) = 1877228*f - 3754466. Give c(2).
-10
Let n(y) = 259150*y - 2591501. What is n(10)?
-1
Let b(d) = d**3 - 52*d**2 + 30*d - 5. Give b(51).
-1076
Let o(g) = -428*g**2 + 13292*g - 639. Calculate o(31).
105
Let a(q) = -507*q - 23886. Determine a(-47).
-57
Let d(k) = -k**2 - 13760*k - 55042. What is d(-4)?
-18
Let g(y) = -168*y**3 + 3359*y**2 - 25*y + 891. Determine g(20).
-9
Let t(k) = 13*k**3 + 3*k**2 + 8*k + 5. Calculate t(0).
5
Let i(t) = -19*t**2 + 645*t - 328. Determine i(34).
-362
Let v(w) = -7087*w - 21285. Determine v(-3).
-24
Let x(b) = b**3 + 54*b**2 + 584*b - 178. Determine x(-39).
-139
Let a(j) = 37*j**2 - 2*j - 100. Calculate a(0).
-100
Let q(i) = -4*i**3 + 74*i**2 - 45*i + 393. What is q(14)?
3291
Let j(m) = m**3 - 3*m**2 + 227*m - 1162. Calculate j(5).
23
Let y(a) = -2*a**3 + 16*a**2 + 59*a + 26. Calculate y(-7).
1083
Let x(r) = r**2 - 201*r - 99501. Give x(433).
955
Let p(o) = o**3 - 105*o**2 + 1926*o - 260. Give p(82).
3020
Let h(y) = y**2 - 257*y + 2144. Determine h(248).
-88
Let r(x) = -7*x - 967. Give r(104).
-1695
Let w(g) = 8389451*g - 83894511. What is w(10)?
-1
Let t(d) = 2*d**3 + 35*d**2 - 25*d - 514. Give t(-19).
-1122
Let y(n) = 7127*n - 42134. Determine y(6).
628
Let n(b) = -b**3 - 428*b**2 + 739*b - 52035. Determine n(-430).
-5
Let i(d) = -347*d + 30928. Give i(89).
45
Let b(k) = 3640*k - 9119. Calculate b(1).
-5479
Let q(g) = 4*g**3 - 103*g**2 + 37*g - 112. What is q(25)?
-1062
Let z(f) = -f**2 + 31*f - 1361. What is z(37)?
-1583
Let q(l) = 52*l**3 + 19*l**2 + 38*l - 3. What is q(-2)?
-419
Let n(a) = 61*a**3 - 18*a**2 + 18*a - 4. Determine n(2).
448
Let l(i) = -2*i**3 + 79*i**2 - 111*i + 189. Give l(38).
303
Let s(t) = 246*t + 2697. Calculate s(-10).
237
Let j(w) = w**2 + 9*w + 83. Give j(22).
765
Let q(h) = -h**3 + 12*h**2 + 29*h - 47. Determine q(-3).
1
Let b(j) = 45*j**3 + 593*j**2 - 48281*j - 69. Give b(-40).
-29
Let k(o) = -2*o**3 - 51*o**2 - 73*o - 26. What is k(-24)?
-2
Let u(s) = 2*s**2 - 3967. What is u(-44)?
-95
Let u(p) = 604*p + 56283. Give u(-93).
111
Let d(p) = -1693*p**2 - 15693*p - 4114. Determine d(-9).
-10
Let o(g) = -4*g**2 - 41*g + 3631. Determine o(30).
-1199
Let l(d) = 7*d**2 - 1973*d + 5926. Calculate l(3).
70
Let k(r) = r**2 - 25756*r - 154581. Give k(-6).
-9
Let w(r) = -r**3 - 30*r**2 + 86*r + 1908. Calculate w(-29).
-1427
Let q(r) = 4*r**2 - 3179*r + 9494. Give q(3).
-7
Let a(r) = -r**3 + 4*r**2 + 1303*r - 7762. What is a(6)?
-16
Let x(l) = 185*l - 22019. What is x(119)?
-4
Let z(f) = -38*f**3 + 52*f**2 - 185*f + 65. Give z(4).
-2275
Let d(a) = -18*a**2 + 4239*a - 46345. Determine d(224).
23
Let b(r) = -10*r**3 - 3117*r**2 + 948*r + 3754. Give b(-312).
10
Let u(l) = -58*l**2 - 755*l - 78. Calculate u(-13).
-65
Let c(s) = -298*s + 29965. Calculate c(102).
-431
Let n(x) = -x**3 + 78*x**2 - 502*x + 409. Calculate n(71).
54
Let s(h) = -17*h**2 + 2396*h - 6942. Calculate s(138).
-42
Let u(w) = -w**2 - 206*w + 1975. What is u(9)?
40
Let q(g) = g**2 + 5406*g - 75909. What is q(14)?
-29
Let o(i) = 6*i**3 - 939*i**2 - 1416*i - 957. Determine o(158).
-9
Let q(z) = -z**3 - 95*z + 371. Calculate q(7).
-637
Let b(k) = -11381*k + 899096. Give b(79).
-3
Let x(y) = -222*y + 6538. What is x(25)?
988
Let i(x) = 3*x**3 + 14*x**2 + 346*x + 1754. Give i(-5).
-1
Let n(b) = -2*b**3 + 21*b**2 - 39*b + 61. Calculate n(7).
131
Let k(x) = -59252*x - 414756. What is k(-7)?
8
Let p(l) = -23075*l + 345833. Determine p(15).
-292
Let v(t) = -t**3 + 8081*t**2 - 4775839*t + 636. Calculate v(642).
-6
Let c(b) = b**2 + 1337*b - 86648. Give c(62).
90
Let h(a) = 4*a**3 + 180*a**2 - 47*a - 1649. What is h(-45)?
466
Let b(k) = k**3 - 8*k**2 + 1635*k - 8129. Calculate b(5).
-29
Let h(g) = 4*g**2 - 311*g + 1772. Determine h(73).
385
Let u(m) = -21006*m - 44. Determine u(0).
-44
Let d(c) = 1814*c + 304211. What is d(-168)?
-541
Let g(d) = d**3 + 26*d**2 + 224*d + 618. Determine g(-5).
23
Let i(x) = -2*x**3 + 5*x**2 + 2024*x + 4026. What is i(-2)?
14
Let v(u) = 5505*u + 115654. Calculate v(-21).
49
Let x(y) = 412*y + 27238. Calculate x(-65).
458
Let q(j) = -4*j**3 - 37*j**2 - 105*j - 913. Calculate q(-9).
-49
Let w(j) = -j**3 - 687*j**2 + 12*j - 39. What is w(0)?
-39
Let l(h) = -h**2 - 46*h + 3542. Calculate l(-87).
-25
Let m(j) = 17*j**2 + 2989*j - 293480. What